 z(a) = -12*a - 1. Let o be z(-14). Suppose -4*h + 2*x = -158, 4*h - 2*x - o = 3*x. Calculate the highest common divisor of 152 and h.
38
Suppose 0 = 4*a + 10 - 34. Let g be (-3)/(11 + 194/(-12) + 5). Calculate the greatest common divisor of a and g.
6
Let f(l) = -208*l - 127. Let p be f(-7). Let j = p + -729. What is the greatest common factor of j and 24?
24
Let z(t) = 13*t + 16. Let u be z(5). Suppose 4*j = -5*l + 304, 4*l = -4*j + u + 163. What is the highest common divisor of 24 and l?
12
Suppose -30*p + 31*p - 2*o = 1338, -p + 1331 = -3*o. Calculate the highest common divisor of p and 728.
104
Let h(l) = -3*l + 40. Let d be h(10). Suppose -12 = 4*p - d*p. Suppose p = -10*c + 32. What is the highest common factor of c and 12?
3
Suppose 6*d + 47 - 83 = 0. Let c be (-23)/((d/(-12))/(41/2)). Calculate the greatest common divisor of c and 41.
41
Suppose -2*c + t + 20 = 0, 2*c - 9*t + 5*t = 8. Suppose f - 4 = -4*m + 17, 0 = -4*m + 16. Suppose -f*h + 5 = -55. What is the greatest common factor of h and c?
12
Let c be (-7)/28*(-24)/2. Suppose 2*n - c*n + 4 = 0. Suppose -n*l = -0*t - 3*t + 138, 4*t - 174 = 2*l. What is the greatest common divisor of t and 28?
14
Suppose 2*f + 3*g - g - 8 = 0, 0 = -f + 4*g + 24. Let k(p) = 3*p**2 - 13*p - 14. Let n be k(6). Calculate the highest common factor of n and f.
8
Let k be (2 - 10) + 2 + (2 - 4). Let g be 2/(-4) + 129/(-6). Let s be 4 - (-4)/k*g. Calculate the highest common divisor of s and 135.
15
Suppose 0 = -105*t + 89*t + 448. Suppose 4*u + 48 - 80 = 0. What is the highest common divisor of t and u?
4
Let o = -1896 - -3174. Suppose 6*l - 174 - o = 0. Let x(k) = -21*k**3 - k. Let s be x(-1). Calculate the highest common factor of l and s.
22
Let r be 21/(168/2)*205156. Calculate the highest common factor of 119 and r.
119
Let i(f) = 6*f**2 - 5*f - 2. Let r be i(-4). Let j = 5351 - 5294. Calculate the highest common divisor of j and r.
57
Suppose -5*r + 15 = -x - 2, 0 = -2*x + 2*r - 18. Let n be (2*6/x)/((-1)/7). Let c(j) = 5*j + 96. Let d be c(0). What is the greatest common divisor of d and n?
12
Let f(d) be the second derivative of 8*d**3/3 - 8*d**2 + d - 6. Let h be f(4). What is the highest common divisor of h and 84?
12
Let v(b) = 3*b**2 - 2*b - 2. Let w be v(-1). Suppose 4*c + w = 31. Suppose 2*g - 41 - c = 0. Calculate the greatest common factor of 60 and g.
12
Let b(f) = -15*f + 2337. Let g be b(46). Calculate the highest common divisor of 732 and g.
183
Let v(q) = 8*q + 6*q - 5*q + q. Let p be v(4). What is the highest common factor of p and 10?
10
Let g(v) be the third derivative of -v**5/60 + 11*v**4/24 + 55*v**3/6 - 32*v**2. Let t be g(0). What is the greatest common factor of 5 and t?
5
Let p(c) = c**3 + 8*c**2 + c - 3. Suppose 0 = 25*h - 31*h - 36. Let n be p(h). What is the greatest common factor of 84 and n?
21
Let c = -5 - -11. Suppose -z = z - c. Let v be ((-72)/(-48) + (-3 - 85/(-50)))*5. Calculate the greatest common divisor of z and v.
1
Let r be ((-2296)/42)/(11/(-3) - -3). Suppose 84*z - 120 = r*z. What is the highest common factor of 210 and z?
30
Let q = 370 + -338. Suppose -v + q = 2*m, -m + 18*v + 34 = 23*v. What is the greatest common factor of 238 and m?
14
Let p = 47742 - 47676. Suppose -o + 5*o = 4*g - 76, 13 = g - 3*o. What is the highest common factor of p and g?
22
Suppose 2*d + 10 = -0, -3*d = -4*p + 15. Let o be 38 - (7 + p + -3). Calculate the highest common factor of o and 238.
34
Let s = 526 - 364. Let v be 120/65 + (-4)/(-26). Suppose -4*h = -v - 22. Calculate the greatest common factor of s and h.
6
Let o(r) = 128 - 4*r + 9*r - 138 + 81*r**2. Let g be o(2). Calculate the highest common divisor of g and 36.
36
Suppose 40*v - 127*v + 33088 = 289*v. Calculate the highest common divisor of v and 3982.
22
Let l be (3 - (-29 + 3))*1*1. Let a = 110 - l. Calculate the highest common factor of a and 36.
9
Suppose 0 = -4*v + 9*v - 10. Suppose v*t + 372 = -4*t. Let q = t - -80. Calculate the highest common divisor of q and 36.
18
Suppose 2*z - 6 + 32 = 0. Let c be 3555/60 - 15/12. Let m = c + z. Calculate the greatest common factor of m and 495.
45
Let p = 871 + -1281. Let z = 431 + p. Calculate the highest common factor of z and 119.
7
Let g(i) = -5*i**2 + 183*i. Let j be g(5). What is the highest common factor of j and 632?
158
Let g be (1 + -3)/(2 + 0). Let j be (-1*1)/(6/9 + g). Suppose t - 13 = -j*x, 7*x - 23 = 2*x - 3*t. Calculate the highest common factor of x and 32.
4
Let g(r) = -7*r**3 + 36*r**2 - 3*r + 9. Let q be g(5). Calculate the highest common divisor of 6384 and q.
19
Let k(l) = l + 22. Let s(r) = -r**3 + 11*r**2 - 11*r - 3. Let m = 20 - 10. Let u be s(m). Let f be k(u). Calculate the highest common factor of 18 and f.
9
Let j(s) = -s**3 - 13*s**2 + 29*s - 13. Let r be j(-15). Let u be ((-6)/r - -1)*(-3 - 1). What is the highest common divisor of 24 and u?
8
Let p = -32787 + 32800. What is the greatest common factor of 4979 and p?
13
Suppose 15*k = 888 + 1242. Suppose 30*c + k - 562 = 0. Suppose 0 = f + x - 57, 3*f + x - 4*x - 165 = 0. What is the greatest common divisor of f and c?
14
Let u be 0 + (3 + -6)*-5. Let a be -10*20/32*-4. Calculate the highest common divisor of u and a.
5
Let s(l) = 3*l**3 + 3*l - 4*l**3 - 100 - 28*l**2 + 21*l. Let n be s(-29). What is the highest common factor of n and 405?
45
Suppose 52*o - 33*o = 266. Let s = 66 - -3. Suppose -s = -4*g + 71. Calculate the greatest common divisor of g and o.
7
Suppose -5*g - 3*s = -212, -15*g + 11*g = -4*s - 144. Calculate the highest common divisor of 4620 and g.
20
Suppose -3*i + 12 = 0, 2*s + 5*i - 10*i = -14. Calculate the highest common divisor of 288 and s.
3
Let i(h) = 29*h**3 + 15*h**2 + 3*h + 4. Let y be i(-3). Let s = 660 + y. Calculate the highest common factor of s and 217.
7
Let p(u) = 141*u - 19. Let q be p(2). Let n = -260 + q. Suppose -2*j - j = -9. What is the highest common factor of n and j?
3
Let r = -7 + 16. Suppose 110 = r*j - 4*j. Let u be -2 - -1*(j + -3). What is the highest common divisor of u and 136?
17
Let l be 2/((-22)/99) + 41. What is the greatest common factor of l and 12?
4
Suppose -30 = 6*r - 21*r. Let h be (1042/20 - 4/(-10))*r. Let l = -49 + 91. What is the greatest common divisor of h and l?
21
Suppose 0*c + 39 = c. Let i = 21 + -31. Let h be (i/(-5))/(-2)*(-52)/2. Calculate the highest common factor of h and c.
13
Let y(g) = 376*g + 499. Let q be y(-1). What is the greatest common divisor of q and 3?
3
Let p(c) = c**3 - 31*c**2 + 24*c + 235. Let s be p(30). What is the greatest common factor of s and 295?
5
Let d(h) = -h**2 - 3*h + 46. Let m be (7/(-21))/((-1)/(-21)). Let f be d(m). Calculate the greatest common divisor of f and 12.
6
Suppose 0*n = 2*n + 8, 5*v - 43928 = 2*n. Suppose -27*t = -36*t + v. What is the highest common factor of t and 16?
16
Let z = 67187 + -66967. Suppose -2*j - 3*j + 275 = 0. Calculate the highest common divisor of z and j.
55
Suppose 21*w - 12*w - 7*w - 34602 = 0. Calculate the highest common divisor of w and 219.
219
Let l be (-2)/(-8) - -1030*(-4)/(-32). Calculate the highest common factor of l and 1032.
129
Let g be 2*1*-1 + (-4 - -4). Let n be (-132)/34 + g/17. Let b be 8/2 + (-240)/n. Calculate the greatest common factor of 8 and b.
8
Suppose 4*b + 804 = 4*v, 4*v - 1115 = 5*b - 313. Let j(m) = 16*m - 121. Let x be j(8). Calculate the greatest common factor of x and v.
7
Let k(i) = i**3 + 10*i**2 + 10*i + 14. Let d be k(-8). Calculate the greatest common factor of d and 1798.
62
Let k(m) = 313*m**2 + m. Let q be k(1). Calculate the highest common factor of q and 2.
2
Suppose s - 10 + 5 = 0, -2*m = -5*s - 1327. Calculate the highest common factor of 5239 and m.
169
Suppose -2*r - 159*h + 112 = -154*h, 2*r - 100 = -3*h. Calculate the greatest common factor of 3485 and r.
41
Let h be 1*13 - (-2 + 3). Let p(i) = 15*i + 20. Let j(v) = v. Let g(q) = j(q) - p(q). Let c be g(-2). What is the highest common factor of c and h?
4
Let o = 58 + -28. Suppose 4*t + o + 35 = 5*y, -y - t = -4. Let s be 8*3*y/9. What is the greatest common divisor of s and 192?
24
Let w = 30 - 21. Let s = -19304 + 19310. Calculate the greatest common divisor of s and w.
3
Suppose -451*w - 14283 = -520*w. Calculate the greatest common divisor of 736 